millions digit of 319984396?
1
What is the ten millions digit of 29295647?
2
What is the hundred thousands digit of 5072204089?
2
What is the hundred thousands digit of 57585362?
5
What is the units digit of 10965785?
5
What is the hundred thousands digit of 45395321?
3
What is the hundred thousands digit of 161408370?
4
What is the hundred millions digit of 1357350254?
3
What is the ten millions digit of 144937289?
4
What is the hundreds digit of 1099157623?
6
What is the units digit of 422324596?
6
What is the hundreds digit of 957929631?
6
What is the hundred thousands digit of 51909136?
9
What is the billions digit of 3896823799?
3
What is the ten millions digit of 14692321?
1
What is the hundred thousands digit of 663676158?
6
What is the hundreds digit of 176555668?
6
What is the tens digit of 50645453?
5
What is the ten thousands digit of 23007113?
0
What is the units digit of 1716322590?
0
What is the millions digit of 63211117?
3
What is the tens digit of 63622061?
6
What is the ten thousands digit of 293925808?
2
What is the hundreds digit of 48138329?
3
What is the tens digit of 243474849?
4
What is the hundred millions digit of 764597575?
7
What is the tens digit of 98299315?
1
What is the hundreds digit of 33312861?
8
What is the hundred millions digit of 2656384005?
6
What is the ten millions digit of 11222486?
1
What is the billions digit of 3398372509?
3
What is the thousands digit of 157731670?
1
What is the units digit of 33451400?
0
What is the hundred thousands digit of 721503816?
5
What is the tens digit of 1524309428?
2
What is the tens digit of 961138147?
4
What is the tens digit of 52726292?
9
What is the millions digit of 7326402631?
6
What is the tens digit of 3620977093?
9
What is the millions digit of 1902696180?
2
What is the hundred millions digit of 378899403?
3
What is the millions digit of 3614396024?
4
What is the billions digit of 2227637103?
2
What is the thousands digit of 66456769?
6
What is the hundred millions digit of 1552824359?
5
What is the hundreds digit of 19323157?
1
What is the thousands digit of 2600750441?
0
What is the hundreds digit of 418592782?
7
What is the thousands digit of 1615438?
5
What is the ten thousands digit of 150498025?
9
What is the thousands digit of 75081461?
1
What is the ten millions digit of 29864964?
2
What is the units digit of 228367788?
8
What is the thousands digit of 826416466?
6
What is the units digit of 259427133?
3
What is the millions digit of 629191002?
9
What is the units digit of 1368870876?
6
What is the millions digit of 88414779?
8
What is the ten thousands digit of 1440957003?
5
What is the millions digit of 4210669893?
0
What is the millions digit of 2507052?
2
What is the billions digit of 1456829908?
1
What is the billions digit of 1153338466?
1
What is the billions digit of 1184295524?
1
What is the hundred millions digit of 146971686?
1
What is the hundred thousands digit of 16911498?
9
What is the hundred thousands digit of 1019105748?
1
What is the hundred millions digit of 651617677?
6
What is the hundred thousands digit of 17604032?
6
What is the hundreds digit of 214303537?
5
What is the thousands digit of 55419965?
9
What is the hundreds digit of 42213143?
1
What is the ten millions digit of 236422226?
3
What is the hundred millions digit of 298677455?
2
What is the millions digit of 478566614?
8
What is the ten thousands digit of 114162510?
6
What is the tens digit of 218001360?
6
What is the hundreds digit of 33301076?
0
What is the hundred millions digit of 531406809?
5
What is the thousands digit of 26746008?
6
What is the tens digit of 279176251?
5
What is the millions digit of 190093795?
0
What is the tens digit of 10124439?
3
What is the tens digit of 30914173?
7
What is the thousands digit of 1115050619?
0
What is the hundred millions digit of 557999082?
5
What is the hundred millions digit of 139102959?
1
What is the millions digit of 36879233?
6
What is the units digit of 233952647?
7
What is the hundred thousands digit of 354707898?
7
What is the thousands digit of 40986160?
6
What is the hundred thousands digit of 38112089?
1
What is the hundred thousands digit of 308819985?
8
What is the hundred millions digit of 164971763?
1
What is the ten thousands digit of 70826034?
2
What is the hundred millions digit of 115765204?
1
What is the millions digit of 710291165?
0
What is the tens digit of 1134423750?
5
What is the units digit of 167493942?
2
What is the hundred millions digit of 2345049402?
3
What is the tens digit of 60494958?
5
What is the hundred thousands digit of 88337376?
3
What is the ten millions digit of 51249507?
5
What is the tens digit of 1728454920?
2
What is the millions digit of 445298897?
5
What is the millions digit of 299346349?
9
What is the units digit of 77293671?
1
What is the thousands digit of 1154598823?
8
What is the units digit of 244005117?
7
What is the millions digit of 2868706308?
8
What is the hundred thousands digit of 31097599?
0
What is the hundred thousands digit of 21913417?
9
What is the tens digit of 31016456?
5
What is the ten thousands digit of 24249887?
4
What is the ten millions digit of 28309527?
2
What is the hundred millions digit of 327572836?
3
What is the ten millions digit of 104946781?
0
What is the ten thousands digit of 258422935?
2
What is the millions digit of 455104601?
5
What is the tens digit of 962759675?
7
What is the hundreds digit of 127428384?
3
What is the tens digit of 168199689?
8
What is the hundred millions digit of 707149320?
7
What is the hundreds digit of 431236635?
6
What is the tens digit of 14253746?
4
What is the ten millions digit of 1862037112?
6
What is the millions digit of 182394454?
2
What is the hundreds digit of 2606198?
1
What is the units digit of 1393730748?
8
What is the hundred thousands digit of 48256305?
2
What is the ten thousands digit of 1621467708?
6
What is the hundreds digit of 3039004?
0
What is the millions digit of 2005219073?
5
What is the millions digit of 2371471?
2
What is the units digit of 640060623?
3
What is the hundred thousands digit of 69473827?
4
What is the hundred millions digit of 132153028?
1
What is the thousands digit of 735792654?
2
What is the thousands digit of 18452235?
2
What is the hundreds digit of 1581192606?
6
What is the ten millions digit of 95328037?
9
What is the ten thousands digit of 4568198324?
9
What is the millions digit of 87280764?
7
What is the ten thousands digit of 55741208?
4
What is the hundred thousands digit of 10622596?
6
What is the ten millions digit of 597358501?
9
What is the thousands digit of 38150176?
0
What is the tens digit of 305069751?
5
What is the ten thousands digit of 200218628?
1
What is the billions digit of 1322287416?
1
What is the thousands digit of 509055046?
5
What is the millions digit of 5831657194?
1
What is the hundred thousands digit of 165588470?
5
What is the units digit of 119338626?
6
What is the tens digit of 17187527?
2
What is the thousands digit of 35793552?
3
What is the units digit of 549701749?
9
What is the tens digit of 835000302?
0
What is the millions digit of 48727822?
8
What is the thousands digit of 95880240?
0
What is the thousands digit of 2837174036?
4
What is the tens digit of 863237794?
9
What is the thousands digit of 1245069018?
9
What is the units digit of 143508101?
1
What is the hundred thousands digit of 35884039?
8
What is the ten millions digit of 36773879?
3
What is the thousands digit of 4082076?
2
What is the hundreds digit of 4908940?
9
What is the units digit of 108251378?
8
What is the tens digit of 4108513043?
4
What is the units digit of 272868278?
8
What is the millions digit of 66476759?
6
What is the thousands digit of 52294222?
4
What is the ten millions digit of 104870206?
0
What is the hundred thousands digit of 2988730749?
7
What is the millions digit of 156422682?
6
What is the thousands digit of 266664354?
4
What is the billions digit of 1112707953?
1
What is the hundred thousands digit of 42357776?
3
What is the hundred thousands digit of 9177871?
1
What is the thousands digit of 3410651269?
1
What is the millions digit of 467746277?
7
What is the thousands digit of 2641695754?
5
What is the millions digit o